ded by 34.
14
What is the remainder when 12652 is divided by 21?
10
Calculate the remainder when 449 is divided by 197.
55
What is the remainder when 2368 is divided by 55?
3
What is the remainder when 244 is divided by 80?
4
What is the remainder when 198 is divided by 33?
0
What is the remainder when 423 is divided by 86?
79
What is the remainder when 28 is divided by 2?
0
What is the remainder when 1810 is divided by 112?
18
What is the remainder when 35 is divided by 19?
16
What is the remainder when 212 is divided by 24?
20
Calculate the remainder when 500 is divided by 9.
5
What is the remainder when 21724 is divided by 142?
140
What is the remainder when 12499 is divided by 250?
249
What is the remainder when 4678 is divided by 66?
58
What is the remainder when 199 is divided by 62?
13
Calculate the remainder when 1207 is divided by 55.
52
What is the remainder when 244 is divided by 36?
28
Calculate the remainder when 924 is divided by 259.
147
What is the remainder when 503 is divided by 24?
23
What is the remainder when 160 is divided by 56?
48
What is the remainder when 7017 is divided by 117?
114
What is the remainder when 41 is divided by 17?
7
Calculate the remainder when 631 is divided by 66.
37
Calculate the remainder when 628 is divided by 126.
124
Calculate the remainder when 306 is divided by 11.
9
What is the remainder when 1494 is divided by 50?
44
What is the remainder when 6323 is divided by 11?
9
Calculate the remainder when 125 is divided by 41.
2
Calculate the remainder when 3141 is divided by 45.
36
What is the remainder when 39 is divided by 11?
6
What is the remainder when 185 is divided by 48?
41
What is the remainder when 188 is divided by 35?
13
Calculate the remainder when 188 is divided by 47.
0
Calculate the remainder when 15473 is divided by 53.
50
Calculate the remainder when 11446 is divided by 36.
34
Calculate the remainder when 411 is divided by 27.
6
Calculate the remainder when 305 is divided by 14.
11
What is the remainder when 147 is divided by 55?
37
Calculate the remainder when 737 is divided by 348.
41
Calculate the remainder when 900 is divided by 233.
201
Calculate the remainder when 942 is divided by 59.
57
Calculate the remainder when 131 is divided by 34.
29
What is the remainder when 1694 is divided by 96?
62
What is the remainder when 123 is divided by 48?
27
What is the remainder when 67 is divided by 62?
5
What is the remainder when 2116 is divided by 526?
12
Calculate the remainder when 66 is divided by 14.
10
What is the remainder when 762 is divided by 165?
102
What is the remainder when 246 is divided by 13?
12
What is the remainder when 889 is divided by 7?
0
What is the remainder when 418 is divided by 21?
19
What is the remainder when 137 is divided by 40?
17
Calculate the remainder when 165 is divided by 24.
21
What is the remainder when 329 is divided by 30?
29
What is the remainder when 4751 is divided by 6?
5
Calculate the remainder when 327 is divided by 15.
12
What is the remainder when 79 is divided by 18?
7
Calculate the remainder when 17953 is divided by 45.
43
Calculate the remainder when 30 is divided by 8.
6
Calculate the remainder when 554 is divided by 186.
182
What is the remainder when 1413 is divided by 177?
174
What is the remainder when 40 is divided by 22?
18
What is the remainder when 766 is divided by 208?
142
Calculate the remainder when 395 is divided by 24.
11
Calculate the remainder when 195 is divided by 31.
9
Calculate the remainder when 628 is divided by 309.
10
What is the remainder when 853 is divided by 61?
60
What is the remainder when 22 is divided by 12?
10
Calculate the remainder when 361 is divided by 78.
49
Calculate the remainder when 488 is divided by 115.
28
Calculate the remainder when 12115 is divided by 101.
96
What is the remainder when 176 is divided by 18?
14
Calculate the remainder when 51 is divided by 6.
3
Calculate the remainder when 91 is divided by 21.
7
Calculate the remainder when 35184 is divided by 207.
201
What is the remainder when 1023 is divided by 9?
6
Calculate the remainder when 626 is divided by 37.
34
What is the remainder when 70 is divided by 19?
13
Calculate the remainder when 211 is divided by 99.
13
Calculate the remainder when 488 is divided by 102.
80
Calculate the remainder when 435 is divided by 39.
6
Calculate the remainder when 933 is divided by 36.
33
What is the remainder when 184 is divided by 50?
34
Calculate the remainder when 30 is divided by 14.
2
What is the remainder when 1579 is divided by 51?
49
What is the remainder when 6003 is divided by 33?
30
Calculate the remainder when 731 is divided by 243.
2
Calculate the remainder when 1730 is divided by 42.
8
Calculate the remainder when 2253 is divided by 98.
97
What is the remainder when 525 is divided by 108?
93
Calculate the remainder when 2101 is divided by 109.
30
What is the remainder when 279 is divided by 30?
9
What is the remainder when 218 is divided by 108?
2
What is the remainder when 1483 is divided by 488?
19
Calculate the remainder when 545 is divided by 50.
45
Calculate the remainder when 230 is divided by 91.
48
What is the remainder when 111 is divided by 39?
33
Calculate the remainder when 332 is divided by 148.
36
Calculate the remainder when 116 is divided by 6.
2
Calculate the remainder when 302 is divided by 108.
86
Calculate the remainder when 118 is divided by 15.
13
What is the remainder when 398 is divided by 377?
21
Calculate the remainder when 926 is divided by 62.
58
Calculate the remainder when 5309 is divided by 56.
45
Calculate the remainder when 84 is divided by 50.
34
Calculate the remainder when 428 is divided by 20.
8
What is the remainder when 135 is divided by 67?
1
Calculate the remainder when 157 is divided by 33.
25
Calculate the remainder when 45 is divided by 14.
3
Calculate the remainder when 153 is divided by 17.
0
Calculate the remainder when 39 is divided by 28.
11
What is the remainder when 388 is divided by 2?
0
Calculate the remainder when 2339 is divided by 771.
26
What is the remainder when 56 is divided by 15?
11
What is the remainder when 194 is divided by 81?
32
Calculate the remainder when 1861 is divided by 23.
21
Calculate the remainder when 301 is divided by 139.
23
Calculate the remainder when 505 is divided by 463.
42
Calculate the remainder when 468 is divided by 162.
144
Calculate the remainder when 177 is divided by 14.
9
Calculate the remainder when 162 is divided by 76.
10
What is the remainder when 758 is divided by 45?
38
What is the remainder when 103 is divided by 56?
47
What is the remainder when 9853 is divided by 3282?
7
Calculate the remainder when 491 is divided by 152.
35
Calculate the remainder when 1239 is divided by 62.
61
Calculate the remainder when 320 is divided by 17.
14
Calculate the remainder when 382 is divided by 56.
46
What is the remainder when 374 is divided by 43?
30
What is the remainder when 572 is divided by 72?
68
What is the remainder when 549 is divided by 12?
9
What is the remainder when 364 is divided by 61?
59
Calculate the remainder when 2174 is divided by 16.
14
Calculate the remainder when 65 is divided by 59.
6
Calculate the remainder when 366 is divided by 25.
16
Calculate the remainder when 445 is divided by 157.
131
Calculate the remainder when 1883 is divided by 70.
63
What is the remainder when 265 is divided by 67?
64
What is the remainder when 4030 is divided by 44?
26
What is the remainder when 493 is divided by 83?
78
Calculate the remainder when 89 is divided by 15.
14
What is the remainder when 475 is divided by 17?
16
Calculate the remainder when 391 is divided by 97.
3
Calculate the remainder when 2124 is divided by 19.
15
Calculate the remainder when 270 is divided by 15.
0
What is the remainder when 30 is divided by 15?
0
Calculate the remainder when 699 is divided by 184.
147
Calculate the remainder when 359 is divided by 170.
19
Calculate the remainder when 54 is divided by 22.
10
Calculate the remainder when 8083 is divided by 12.
7
What is the remainder when 191 is divided by 28?
23
Calculate the remainder when 37 is divided by 26.
11
What is the remainder when 435 is divided by 141?
12
What is the remainder when 416 is di